{"id":1486,"date":"2026-01-16T10:54:21","date_gmt":"2026-01-16T09:54:21","guid":{"rendered":"https:\/\/miteinander-downsyndrom.de\/?post_type=tribe_events&#038;p=1486"},"modified":"2026-01-16T11:08:30","modified_gmt":"2026-01-16T10:08:30","slug":"spiel-und-familientreff-3","status":"publish","type":"tribe_events","link":"https:\/\/miteinander-downsyndrom.de\/?tribe_events=spiel-und-familientreff-3","title":{"rendered":"Spiel- und Familientreff"},"content":{"rendered":"<p>Begegnung, Austausch, Spiel und Spa\u00df. Gemeinsame Aktivit\u00e4ten oder einfach nur zusammen Kaffee und Kuchen genie\u00dfen.<\/p>\n<p>Der Spiel- und Familientreff richtet sich an Familien mit Kindern im Krabbel- und Kindergartenalter.<\/p>\n<p>Koordiniert werden die Treffen von Sabrina Rudmann.<\/p>\n<p>Wenn Interesse an der Teilnahme besteht, dann meldet euch gerne unter: info@miteinander-downsyndrom.de<\/p>\n","protected":false},"excerpt":{"rendered":"<p>Begegnung, Austausch, Spiel und Spa\u00df. Gemeinsame Aktivit\u00e4ten oder einfach nur zusammen Kaffee und Kuchen genie\u00dfen. Der Spiel- und Familientreff richtet sich an Familien mit Kindern im Krabbel- und Kindergartenalter. Koordiniert &hellip;<\/p>\n<p class=\"read-more\"> <a class=\"\" href=\"https:\/\/miteinander-downsyndrom.de\/?tribe_events=spiel-und-familientreff-3\"> <span class=\"screen-reader-text\">Spiel- und Familientreff<\/span> Weiterlesen &raquo;<\/a><\/p>\n","protected":false},"author":2,"featured_media":0,"comment_status":"open","ping_status":"closed","template":"","meta":{"_tribe_events_status":"","_tribe_events_status_reason":""},"tags":[],"tribe_events_cat":[11],"_links":{"self":[{"href":"https:\/\/miteinander-downsyndrom.de\/index.php?rest_route=\/wp\/v2\/tribe_events\/1486"}],"collection":[{"href":"https:\/\/miteinander-downsyndrom.de\/index.php?rest_route=\/wp\/v2\/tribe_events"}],"about":[{"href":"https:\/\/miteinander-downsyndrom.de\/index.php?rest_route=\/wp\/v2\/types\/tribe_events"}],"author":[{"embeddable":true,"href":"https:\/\/miteinander-downsyndrom.de\/index.php?rest_route=\/wp\/v2\/users\/2"}],"replies":[{"embeddable":true,"href":"https:\/\/miteinander-downsyndrom.de\/index.php?rest_route=%2Fwp%2Fv2%2Fcomments&post=1486"}],"version-history":[{"count":1,"href":"https:\/\/miteinander-downsyndrom.de\/index.php?rest_route=\/wp\/v2\/tribe_events\/1486\/revisions"}],"predecessor-version":[{"id":1487,"href":"https:\/\/miteinander-downsyndrom.de\/index.php?rest_route=\/wp\/v2\/tribe_events\/1486\/revisions\/1487"}],"wp:attachment":[{"href":"https:\/\/miteinander-downsyndrom.de\/index.php?rest_route=%2Fwp%2Fv2%2Fmedia&parent=1486"}],"wp:term":[{"taxonomy":"post_tag","embeddable":true,"href":"https:\/\/miteinander-downsyndrom.de\/index.php?rest_route=%2Fwp%2Fv2%2Ftags&post=1486"},{"taxonomy":"tribe_events_cat","embeddable":true,"href":"https:\/\/miteinander-downsyndrom.de\/index.php?rest_route=%2Fwp%2Fv2%2Ftribe_events_cat&post=1486"}],"curies":[{"name":"wp","href":"https:\/\/api.w.org\/{rel}","templated":true}]}}

<p>Begegnung, Austausch, Spiel und Spaß. Gemeinsame Aktivitäten oder einfach nur zusammen Kaffee und Kuchen genießen.</p>
<p>Der Spiel- und Familientreff richtet sich an Familien mit Kindern im Krabbel- und Kindergartenalter.</p>
<p>Koordiniert werden die Treffen von Sabrina Rudmann.</p>
<p>Wenn Interesse an der Teilnahme besteht, dann meldet euch gerne unter: info@miteinander-downsyndrom.de</p>

<p>Begegnung, Austausch, Spiel und Spaß. Gemeinsame Aktivitäten oder einfach nur zusammen Kaffee und Kuchen genießen. Der Spiel- und Familientreff richtet sich an Familien mit Kindern im Krabbel- und Kindergartenalter. Koordiniert &hellip;</p>
<p class="read-more"> <a class="" href="https://miteinander-downsyndrom.de/?tribe_events=spiel-und-familientreff-3"> <span class="screen-reader-text">Spiel- und Familientreff</span> Weiterlesen &raquo;</a></p>
