{"id":1448,"date":"2025-02-14T11:42:04","date_gmt":"2025-02-14T10:42:04","guid":{"rendered":"https:\/\/miteinander-downsyndrom.de\/?post_type=tribe_events&#038;p=1448"},"modified":"2025-02-14T11:42:04","modified_gmt":"2025-02-14T10:42:04","slug":"spiel-und-familientreff-6","status":"publish","type":"tribe_events","link":"https:\/\/miteinander-downsyndrom.de\/?tribe_events=spiel-und-familientreff-6","title":{"rendered":"Spiel- und Familientreff"},"content":{"rendered":"<p>Bei Kaffee\/ Tee, Saft und Keksen gibt es genug Zeit zum Kennenlernen, Plaudern und Erfahrungsaustausch.\u00a0F\u00fcr die Kinder gibt es Spielm\u00f6glichkeiten auch au\u00dferhalb des Raums, da wir den \u00f6ffentlichen Spielplatz direkt am Haus mitbenutzen k\u00f6nnen.<\/p>\n<p>Eingeladen sind alle Mitgliedsfamilien, ihre Verwandten und Freunde, sowie alle Interessierten.<\/p>\n<p>Da es vor Ort leider keine M\u00f6glichkeit gibt Spielsachen einzulagern,\u00a0w\u00e4re es sinnvoll etwas altersgerechtes Spielzeug mitzubringen, auch f\u00fcr die Geschwisterkinder. Eine Bodenmatte f\u00fcr die Krabbelkinder ist vorhanden.<\/p>\n<p>Aus organisatorischen Gr\u00fcnden bitten wir im Vorfeld um Anmeldung.<\/p>\n<p>Mitglieder bitte an Nina und Sabrina (siehe Einladungsmail), neue Interessierte bitte an<a href=\"mailto:info@miteinander-downsyndrom.de\"> info@miteinander-downsyndrom.de<\/a><\/p>\n","protected":false},"excerpt":{"rendered":"<p>Bei Kaffee\/ Tee, Saft und Keksen gibt es genug Zeit zum Kennenlernen, Plaudern und Erfahrungsaustausch.\u00a0F\u00fcr die Kinder gibt es Spielm\u00f6glichkeiten auch au\u00dferhalb des Raums, da wir den \u00f6ffentlichen Spielplatz direkt &hellip;<\/p>\n<p class=\"read-more\"> <a class=\"\" href=\"https:\/\/miteinander-downsyndrom.de\/?tribe_events=spiel-und-familientreff-6\"> <span class=\"screen-reader-text\">Spiel- und Familientreff<\/span> Weiterlesen &raquo;<\/a><\/p>\n","protected":false},"author":2,"featured_media":0,"comment_status":"open","ping_status":"closed","template":"","meta":{"_tribe_events_status":"","_tribe_events_status_reason":""},"tags":[],"tribe_events_cat":[11],"_links":{"self":[{"href":"https:\/\/miteinander-downsyndrom.de\/index.php?rest_route=\/wp\/v2\/tribe_events\/1448"}],"collection":[{"href":"https:\/\/miteinander-downsyndrom.de\/index.php?rest_route=\/wp\/v2\/tribe_events"}],"about":[{"href":"https:\/\/miteinander-downsyndrom.de\/index.php?rest_route=\/wp\/v2\/types\/tribe_events"}],"author":[{"embeddable":true,"href":"https:\/\/miteinander-downsyndrom.de\/index.php?rest_route=\/wp\/v2\/users\/2"}],"replies":[{"embeddable":true,"href":"https:\/\/miteinander-downsyndrom.de\/index.php?rest_route=%2Fwp%2Fv2%2Fcomments&post=1448"}],"version-history":[{"count":1,"href":"https:\/\/miteinander-downsyndrom.de\/index.php?rest_route=\/wp\/v2\/tribe_events\/1448\/revisions"}],"predecessor-version":[{"id":1449,"href":"https:\/\/miteinander-downsyndrom.de\/index.php?rest_route=\/wp\/v2\/tribe_events\/1448\/revisions\/1449"}],"wp:attachment":[{"href":"https:\/\/miteinander-downsyndrom.de\/index.php?rest_route=%2Fwp%2Fv2%2Fmedia&parent=1448"}],"wp:term":[{"taxonomy":"post_tag","embeddable":true,"href":"https:\/\/miteinander-downsyndrom.de\/index.php?rest_route=%2Fwp%2Fv2%2Ftags&post=1448"},{"taxonomy":"tribe_events_cat","embeddable":true,"href":"https:\/\/miteinander-downsyndrom.de\/index.php?rest_route=%2Fwp%2Fv2%2Ftribe_events_cat&post=1448"}],"curies":[{"name":"wp","href":"https:\/\/api.w.org\/{rel}","templated":true}]}}

<p>Bei Kaffee/ Tee, Saft und Keksen gibt es genug Zeit zum Kennenlernen, Plaudern und Erfahrungsaustausch. Für die Kinder gibt es Spielmöglichkeiten auch außerhalb des Raums, da wir den öffentlichen Spielplatz direkt am Haus mitbenutzen können.</p>
<p>Eingeladen sind alle Mitgliedsfamilien, ihre Verwandten und Freunde, sowie alle Interessierten.</p>
<p>Da es vor Ort leider keine Möglichkeit gibt Spielsachen einzulagern, wäre es sinnvoll etwas altersgerechtes Spielzeug mitzubringen, auch für die Geschwisterkinder. Eine Bodenmatte für die Krabbelkinder ist vorhanden.</p>
<p>Aus organisatorischen Gründen bitten wir im Vorfeld um Anmeldung.</p>
<p>Mitglieder bitte an Nina und Sabrina (siehe Einladungsmail), neue Interessierte bitte an<a href="mailto:info@miteinander-downsyndrom.de"> info@miteinander-downsyndrom.de</a></p>

<p>Bei Kaffee/ Tee, Saft und Keksen gibt es genug Zeit zum Kennenlernen, Plaudern und Erfahrungsaustausch. Für die Kinder gibt es Spielmöglichkeiten auch außerhalb des Raums, da wir den öffentlichen Spielplatz direkt &hellip;</p>
<p class="read-more"> <a class="" href="https://miteinander-downsyndrom.de/?tribe_events=spiel-und-familientreff-6"> <span class="screen-reader-text">Spiel- und Familientreff</span> Weiterlesen &raquo;</a></p>
