{"id":1434,"date":"2025-02-14T11:29:49","date_gmt":"2025-02-14T10:29:49","guid":{"rendered":"https:\/\/miteinander-downsyndrom.de\/?post_type=tribe_events&#038;p=1434"},"modified":"2025-02-14T11:29:49","modified_gmt":"2025-02-14T10:29:49","slug":"tag-der-inklusion","status":"publish","type":"tribe_events","link":"https:\/\/miteinander-downsyndrom.de\/?tribe_events=tag-der-inklusion","title":{"rendered":"Tag der Inklusion"},"content":{"rendered":"<p><strong>Inklusion ist Teil der L\u00f6sung!<\/strong><br \/>\nLaut werden gegen Diskriminierung, soziale Spaltung und Ausgrenzung &#8211; f\u00fcr Solidarit\u00e4t und Teilhabe.<\/p>\n<p>Am 10. Mai findet auf dem Platz der Alten Synagoge der Tag der Inklusion der Stadt Freiburg statt. Viele Akteur*innen stellen sich und ihre Initiativen vor.<\/p>\n<p>Auch wir sind wieder mit einem Stand dabei und zeigen:<\/p>\n<p>Das Leben ist sch\u00f6n, weil es bunt ist!<\/p>\n","protected":false},"excerpt":{"rendered":"<p>Inklusion ist Teil der L\u00f6sung! Laut werden gegen Diskriminierung, soziale Spaltung und Ausgrenzung &#8211; f\u00fcr Solidarit\u00e4t und Teilhabe. Am 10. Mai findet auf dem Platz der Alten Synagoge der Tag &hellip;<\/p>\n<p class=\"read-more\"> <a class=\"\" href=\"https:\/\/miteinander-downsyndrom.de\/?tribe_events=tag-der-inklusion\"> <span class=\"screen-reader-text\">Tag der Inklusion<\/span> Weiterlesen &raquo;<\/a><\/p>\n","protected":false},"author":2,"featured_media":0,"comment_status":"open","ping_status":"closed","template":"","meta":{"_tribe_events_status":"","_tribe_events_status_reason":""},"tags":[],"tribe_events_cat":[],"_links":{"self":[{"href":"https:\/\/miteinander-downsyndrom.de\/index.php?rest_route=\/wp\/v2\/tribe_events\/1434"}],"collection":[{"href":"https:\/\/miteinander-downsyndrom.de\/index.php?rest_route=\/wp\/v2\/tribe_events"}],"about":[{"href":"https:\/\/miteinander-downsyndrom.de\/index.php?rest_route=\/wp\/v2\/types\/tribe_events"}],"author":[{"embeddable":true,"href":"https:\/\/miteinander-downsyndrom.de\/index.php?rest_route=\/wp\/v2\/users\/2"}],"replies":[{"embeddable":true,"href":"https:\/\/miteinander-downsyndrom.de\/index.php?rest_route=%2Fwp%2Fv2%2Fcomments&post=1434"}],"version-history":[{"count":1,"href":"https:\/\/miteinander-downsyndrom.de\/index.php?rest_route=\/wp\/v2\/tribe_events\/1434\/revisions"}],"predecessor-version":[{"id":1435,"href":"https:\/\/miteinander-downsyndrom.de\/index.php?rest_route=\/wp\/v2\/tribe_events\/1434\/revisions\/1435"}],"wp:attachment":[{"href":"https:\/\/miteinander-downsyndrom.de\/index.php?rest_route=%2Fwp%2Fv2%2Fmedia&parent=1434"}],"wp:term":[{"taxonomy":"post_tag","embeddable":true,"href":"https:\/\/miteinander-downsyndrom.de\/index.php?rest_route=%2Fwp%2Fv2%2Ftags&post=1434"},{"taxonomy":"tribe_events_cat","embeddable":true,"href":"https:\/\/miteinander-downsyndrom.de\/index.php?rest_route=%2Fwp%2Fv2%2Ftribe_events_cat&post=1434"}],"curies":[{"name":"wp","href":"https:\/\/api.w.org\/{rel}","templated":true}]}}

<p><strong>Inklusion ist Teil der Lösung!</strong><br />
Laut werden gegen Diskriminierung, soziale Spaltung und Ausgrenzung &#8211; für Solidarität und Teilhabe.</p>
<p>Am 10. Mai findet auf dem Platz der Alten Synagoge der Tag der Inklusion der Stadt Freiburg statt. Viele Akteur*innen stellen sich und ihre Initiativen vor.</p>
<p>Auch wir sind wieder mit einem Stand dabei und zeigen:</p>
<p>Das Leben ist schön, weil es bunt ist!</p>

<p>Inklusion ist Teil der Lösung! Laut werden gegen Diskriminierung, soziale Spaltung und Ausgrenzung &#8211; für Solidarität und Teilhabe. Am 10. Mai findet auf dem Platz der Alten Synagoge der Tag &hellip;</p>
<p class="read-more"> <a class="" href="https://miteinander-downsyndrom.de/?tribe_events=tag-der-inklusion"> <span class="screen-reader-text">Tag der Inklusion</span> Weiterlesen &raquo;</a></p>
