{"id":304,"date":"2019-09-23T13:09:44","date_gmt":"2019-09-23T11:09:44","guid":{"rendered":"https:\/\/miteinander-downsyndrom.de\/?page_id=304"},"modified":"2026-01-16T11:18:14","modified_gmt":"2026-01-16T10:18:14","slug":"der-vorstand-stellt-sich-vor","status":"publish","type":"page","link":"https:\/\/miteinander-downsyndrom.de\/?page_id=304","title":{"rendered":"Der Vorstand stellt sich vor"},"content":{"rendered":"\n<p><strong>1. Vorsitzende: Martina Neugebauer-Renner<\/strong><\/p>\n\n\n\n<figure class=\"wp-block-image size-large is-resized\"><img decoding=\"async\" loading=\"lazy\" src=\"https:\/\/miteinander-downsyndrom.de\/wp-content\/uploads\/2021\/03\/IMG_4202-914x1024.jpg\" alt=\"\" class=\"wp-image-1000\" width=\"373\" height=\"417\" srcset=\"https:\/\/miteinander-downsyndrom.de\/wp-content\/uploads\/2021\/03\/IMG_4202-914x1024.jpg 914w, https:\/\/miteinander-downsyndrom.de\/wp-content\/uploads\/2021\/03\/IMG_4202-268x300.jpg 268w, https:\/\/miteinander-downsyndrom.de\/wp-content\/uploads\/2021\/03\/IMG_4202-768x860.jpg 768w, https:\/\/miteinander-downsyndrom.de\/wp-content\/uploads\/2021\/03\/IMG_4202-1371x1536.jpg 1371w, https:\/\/miteinander-downsyndrom.de\/wp-content\/uploads\/2021\/03\/IMG_4202-1828x2048.jpg 1828w\" sizes=\"(max-width: 373px) 100vw, 373px\" \/><\/figure>\n\n\n\n<p>Jahrgang: 1982<br>Beruf: Klinikseelsorgerin am St. Josefskrankenhaus in Freiburg (Dipl. Theol.)<\/p>\n\n\n\n<p>Kinder: Edith *2013 (DS), Lydia *2016 und Clemens *2021<\/p>\n\n\n\n<p>Ich engagiere mich bei miteinander, weil jeder Mensch &#8211; unabh\u00e4ngig von der Anzahl seiner Chromosomen &#8211; einzigartig ist. Dies m\u00f6chte ich mit meiner Arbeit im Verein in die Gesellschaft tragen und leben. Ein besonderes Anliegen ist es mir neuen Eltern Mut zu machen f\u00fcr ein Leben mit einem besonderen Kind &#8211; dass dabei auch mal Schwierigkeiten auftreten ist (wie bei jedem Kind) kein Geheimnis. Im Austausch werden sie aber meistens kleiner ;-)!<\/p>\n\n\n\n<p><strong>2. Vorsitzende: Katharina Seifried<\/strong><\/p>\n\n\n\n<figure class=\"wp-block-image size-large\"><img decoding=\"async\" loading=\"lazy\" width=\"300\" height=\"400\" src=\"https:\/\/miteinander-downsyndrom.de\/wp-content\/uploads\/2022\/03\/Seifried-2.jpg\" alt=\"\" class=\"wp-image-1200\" srcset=\"https:\/\/miteinander-downsyndrom.de\/wp-content\/uploads\/2022\/03\/Seifried-2.jpg 300w, https:\/\/miteinander-downsyndrom.de\/wp-content\/uploads\/2022\/03\/Seifried-2-225x300.jpg 225w\" sizes=\"(max-width: 300px) 100vw, 300px\" \/><\/figure>\n\n\n\n<p>Jahrgang: 1977<\/p>\n\n\n\n<p>Beruf: Schulsozialarbeiterin am Markgr\u00e4fler Gymnasium in M\u00fcllheim (Dipl.-Sozialarbeiterin)<\/p>\n\n\n\n<p>Kinder: Anton *2014, Alma *2018 (DS)<\/p>\n\n\n\n<p>Ich engagiere mich bei miteinander, weil ich seit der Geburt unserer Tochter erlebe wie wichtig und bereichernd der Austausch mit anderen Eltern ist. Durch meine Mitarbeit im Vorstandsteam m\u00f6chte ich dazu beitragen, dass vielf\u00e4ltige M\u00f6glichkeiten der Begegnung und des Austausches entstehen.&nbsp;<\/p>\n\n\n\n<p><strong>Beisitzerin: Sr. Steffi Bachem<\/strong><\/p>\n\n\n\n<figure class=\"wp-block-image size-large\"><img decoding=\"async\" loading=\"lazy\" width=\"427\" height=\"640\" src=\"https:\/\/miteinander-downsyndrom.de\/wp-content\/uploads\/2021\/03\/DSC06368-4.jpeg\" alt=\"\" class=\"wp-image-1001\" srcset=\"https:\/\/miteinander-downsyndrom.de\/wp-content\/uploads\/2021\/03\/DSC06368-4.jpeg 427w, https:\/\/miteinander-downsyndrom.de\/wp-content\/uploads\/2021\/03\/DSC06368-4-200x300.jpeg 200w\" sizes=\"(max-width: 427px) 100vw, 427px\" \/><\/figure>\n\n\n\n<p>Jahrgang: 1969<\/p>\n\n\n\n<p>Beruf: Biologin (Dr. rer. nat.)<\/p>\n\n\n\n<p>Kind: Alex *2008 (DS)<\/p>\n\n\n\n<p>Ich engagiere mich bei miteinander, weil Menschen mit Down-Syndrom ganz selbstverst\u00e4ndlich einen Platz mitten in unserer Gesellschaft haben sollten, mit allen Facetten, die das Leben mit sich bringt. Anderssein ist kein Hindernis, sondern Bereicherung. Auf dem Weg dorthin gibt es aktuell immer noch viele Herausforderungen im Alltag, die wir mit Kreativit\u00e4t, Aufkl\u00e4rung, Engagement meistern k\u00f6nnen. Mit meiner Arbeit im Vorstand des Vereins m\u00f6chte ich gerne einen Beitrag dazu leisten. <\/p>\n\n\n\n<p><\/p>\n\n\n\n<p><strong>Beisitzerin: Simone Elsner<\/strong><\/p>\n\n\n\n<p>Jahrgang: 1972<\/p>\n\n\n\n<p>Beruf: Dipl. P\u00e4dagogin<\/p>\n\n\n\n<p>Kinder: Paula *2010 und Mira * 2015 (DS)<\/p>\n\n\n\n<p>Ich engagiere mich bei miteinander, weil der Austausch mit anderen Familien immer wieder bereichernd und informativ ist &#8211; und damit wichtig!<\/p>\n\n\n\n<p><\/p>\n\n\n\n<p><strong>Kassenwartin: Helga Habersetzer<\/strong><\/p>\n\n\n\n<p>Jahrgang: 1976<\/p>\n\n\n\n<p>Beruf: Steuerberaterin<\/p>\n\n\n\n<p>Kind: Emil * 2011 (DS)<\/p>\n\n\n\n<p>Ich engagiere mich bei miteinander, weil ich es richtig und wichtig finde, anderen Familien in der gleichen Situation als Ansprechpartnerin zu helfen. Anfangs habe ich von den Erfahrungen der anderen im Verein profitiert.<\/p>\n","protected":false},"excerpt":{"rendered":"<p>1. Vorsitzende: Martina Neugebauer-Renner Jahrgang: 1982Beruf: Klinikseelsorgerin am St. Josefskrankenhaus in Freiburg (Dipl. Theol.) Kinder: Edith *2013 (DS), Lydia *2016 und Clemens *2021 Ich engagiere mich bei miteinander, weil jeder &hellip;<\/p>\n<p class=\"read-more\"> <a class=\"\" href=\"https:\/\/miteinander-downsyndrom.de\/?page_id=304\"> <span class=\"screen-reader-text\">Der Vorstand stellt sich vor<\/span> Weiterlesen &raquo;<\/a><\/p>\n","protected":false},"author":1,"featured_media":634,"parent":0,"menu_order":0,"comment_status":"closed","ping_status":"closed","template":"","meta":[],"_links":{"self":[{"href":"https:\/\/miteinander-downsyndrom.de\/index.php?rest_route=\/wp\/v2\/pages\/304"}],"collection":[{"href":"https:\/\/miteinander-downsyndrom.de\/index.php?rest_route=\/wp\/v2\/pages"}],"about":[{"href":"https:\/\/miteinander-downsyndrom.de\/index.php?rest_route=\/wp\/v2\/types\/page"}],"author":[{"embeddable":true,"href":"https:\/\/miteinander-downsyndrom.de\/index.php?rest_route=\/wp\/v2\/users\/1"}],"replies":[{"embeddable":true,"href":"https:\/\/miteinander-downsyndrom.de\/index.php?rest_route=%2Fwp%2Fv2%2Fcomments&post=304"}],"version-history":[{"count":19,"href":"https:\/\/miteinander-downsyndrom.de\/index.php?rest_route=\/wp\/v2\/pages\/304\/revisions"}],"predecessor-version":[{"id":1504,"href":"https:\/\/miteinander-downsyndrom.de\/index.php?rest_route=\/wp\/v2\/pages\/304\/revisions\/1504"}],"wp:featuredmedia":[{"embeddable":true,"href":"https:\/\/miteinander-downsyndrom.de\/index.php?rest_route=\/wp\/v2\/media\/634"}],"wp:attachment":[{"href":"https:\/\/miteinander-downsyndrom.de\/index.php?rest_route=%2Fwp%2Fv2%2Fmedia&parent=304"}],"curies":[{"name":"wp","href":"https:\/\/api.w.org\/{rel}","templated":true}]}}

<p><strong>1. Vorsitzende: Martina Neugebauer-Renner</strong></p>



<figure class="wp-block-image size-large is-resized"><img decoding="async" loading="lazy" src="https://miteinander-downsyndrom.de/wp-content/uploads/2021/03/IMG_4202-914x1024.jpg" alt="" class="wp-image-1000" width="373" height="417" srcset="https://miteinander-downsyndrom.de/wp-content/uploads/2021/03/IMG_4202-914x1024.jpg 914w, https://miteinander-downsyndrom.de/wp-content/uploads/2021/03/IMG_4202-268x300.jpg 268w, https://miteinander-downsyndrom.de/wp-content/uploads/2021/03/IMG_4202-768x860.jpg 768w, https://miteinander-downsyndrom.de/wp-content/uploads/2021/03/IMG_4202-1371x1536.jpg 1371w, https://miteinander-downsyndrom.de/wp-content/uploads/2021/03/IMG_4202-1828x2048.jpg 1828w" sizes="(max-width: 373px) 100vw, 373px" /></figure>



<p>Jahrgang: 1982<br>Beruf: Klinikseelsorgerin am St. Josefskrankenhaus in Freiburg (Dipl. Theol.)</p>



<p>Kinder: Edith *2013 (DS), Lydia *2016 und Clemens *2021</p>



<p>Ich engagiere mich bei miteinander, weil jeder Mensch &#8211; unabhängig von der Anzahl seiner Chromosomen &#8211; einzigartig ist. Dies möchte ich mit meiner Arbeit im Verein in die Gesellschaft tragen und leben. Ein besonderes Anliegen ist es mir neuen Eltern Mut zu machen für ein Leben mit einem besonderen Kind &#8211; dass dabei auch mal Schwierigkeiten auftreten ist (wie bei jedem Kind) kein Geheimnis. Im Austausch werden sie aber meistens kleiner ;-)!</p>



<p><strong>2. Vorsitzende: Katharina Seifried</strong></p>



<figure class="wp-block-image size-large"><img decoding="async" loading="lazy" width="300" height="400" src="https://miteinander-downsyndrom.de/wp-content/uploads/2022/03/Seifried-2.jpg" alt="" class="wp-image-1200" srcset="https://miteinander-downsyndrom.de/wp-content/uploads/2022/03/Seifried-2.jpg 300w, https://miteinander-downsyndrom.de/wp-content/uploads/2022/03/Seifried-2-225x300.jpg 225w" sizes="(max-width: 300px) 100vw, 300px" /></figure>



<p>Jahrgang: 1977</p>



<p>Beruf: Schulsozialarbeiterin am Markgräfler Gymnasium in Müllheim (Dipl.-Sozialarbeiterin)</p>



<p>Kinder: Anton *2014, Alma *2018 (DS)</p>



<p>Ich engagiere mich bei miteinander, weil ich seit der Geburt unserer Tochter erlebe wie wichtig und bereichernd der Austausch mit anderen Eltern ist. Durch meine Mitarbeit im Vorstandsteam möchte ich dazu beitragen, dass vielfältige Möglichkeiten der Begegnung und des Austausches entstehen.&nbsp;</p>



<p><strong>Beisitzerin: Sr. Steffi Bachem</strong></p>



<figure class="wp-block-image size-large"><img decoding="async" loading="lazy" width="427" height="640" src="https://miteinander-downsyndrom.de/wp-content/uploads/2021/03/DSC06368-4.jpeg" alt="" class="wp-image-1001" srcset="https://miteinander-downsyndrom.de/wp-content/uploads/2021/03/DSC06368-4.jpeg 427w, https://miteinander-downsyndrom.de/wp-content/uploads/2021/03/DSC06368-4-200x300.jpeg 200w" sizes="(max-width: 427px) 100vw, 427px" /></figure>



<p>Jahrgang: 1969</p>



<p>Beruf: Biologin (Dr. rer. nat.)</p>



<p>Kind: Alex *2008 (DS)</p>



<p>Ich engagiere mich bei miteinander, weil Menschen mit Down-Syndrom ganz selbstverständlich einen Platz mitten in unserer Gesellschaft haben sollten, mit allen Facetten, die das Leben mit sich bringt. Anderssein ist kein Hindernis, sondern Bereicherung. Auf dem Weg dorthin gibt es aktuell immer noch viele Herausforderungen im Alltag, die wir mit Kreativität, Aufklärung, Engagement meistern können. Mit meiner Arbeit im Vorstand des Vereins möchte ich gerne einen Beitrag dazu leisten. </p>



<p></p>



<p><strong>Beisitzerin: Simone Elsner</strong></p>



<p>Jahrgang: 1972</p>



<p>Beruf: Dipl. Pädagogin</p>



<p>Kinder: Paula *2010 und Mira * 2015 (DS)</p>



<p>Ich engagiere mich bei miteinander, weil der Austausch mit anderen Familien immer wieder bereichernd und informativ ist &#8211; und damit wichtig!</p>



<p></p>



<p><strong>Kassenwartin: Helga Habersetzer</strong></p>



<p>Jahrgang: 1976</p>



<p>Beruf: Steuerberaterin</p>



<p>Kind: Emil * 2011 (DS)</p>



<p>Ich engagiere mich bei miteinander, weil ich es richtig und wichtig finde, anderen Familien in der gleichen Situation als Ansprechpartnerin zu helfen. Anfangs habe ich von den Erfahrungen der anderen im Verein profitiert.</p>
