{"id":2,"date":"2019-09-06T06:09:07","date_gmt":"2019-09-06T06:09:07","guid":{"rendered":"https:\/\/miteinander-downsyndrom.de\/?page_id=2"},"modified":"2023-01-05T21:47:08","modified_gmt":"2023-01-05T20:47:08","slug":"sample-page","status":"publish","type":"page","link":"https:\/\/miteinander-downsyndrom.de\/","title":{"rendered":"Startseite"},"content":{"rendered":"<div class=\"wp-block-image\">\n<figure class=\"alignright is-resized\"><img decoding=\"async\" loading=\"lazy\" src=\"https:\/\/miteinander-downsyndrom.de\/wp-content\/uploads\/2019\/09\/Logo_Miteinander.png\" alt=\"\" class=\"wp-image-13\" width=\"365\" height=\"109\" srcset=\"https:\/\/miteinander-downsyndrom.de\/wp-content\/uploads\/2019\/09\/Logo_Miteinander.png 482w, https:\/\/miteinander-downsyndrom.de\/wp-content\/uploads\/2019\/09\/Logo_Miteinander-300x90.png 300w, https:\/\/miteinander-downsyndrom.de\/wp-content\/uploads\/2019\/09\/Logo_Miteinander-200x60.png 200w\" sizes=\"(max-width: 365px) 100vw, 365px\" \/><\/figure><\/div>\n\n\n<p><\/p>\n\n\n\n<p class=\"has-text-color has-large-font-size\" style=\"color:#1a3c7b\">Herzlich Willkommen,<\/p>\n\n\n\n<p>auf der Homepage von miteinander \u2013 Menschen mit Down-Syndrom und ihre Freunde e.V.!<\/p>\n\n\n\n<p>Wir sind eine Selbsthilfeorganisation von Eltern mit Kindern mit Down-Syndrom, die sich zusammengeschlossen haben, um Eltern eines (neugeborenen) Kindes mit Down-Syndrom zu begleiten und zu unterst\u00fctzen. Au\u00dferdem m\u00f6chten wir das Thema in der Gesellschaft stark machen.<\/p>\n\n\n\n<p>Unser regionaler Fokus liegt auf Freiburg und Umgebung.<\/p>\n\n\n\n<p><strong>Menschen mit Down-Syndrom haben ein Chromosom mehr. Ansonsten sind sie wie jeder andere Mensch auch: einzigartig.<\/strong><\/p>\n\n\n\n<p class=\"has-text-align-center\">Erstberatungen &#8211; kostenfrei, neutral, zugewandt. <\/p>\n\n\n\n<p class=\"has-text-align-center\">Von Eltern zu Eltern. <\/p>\n\n\n\n<p class=\"has-text-align-center\">Alle Informationen unter Kontakt.<\/p>\n\n\n\n<p><\/p>\n\n\n\n<figure class=\"is-layout-flex wp-block-gallery-1 wp-block-gallery alignfull has-nested-images columns-3 is-cropped\">\n<figure class=\"wp-block-image\"><img decoding=\"async\" loading=\"lazy\" width=\"1024\" height=\"959\" data-id=\"406\"  src=\"https:\/\/miteinander-downsyndrom.de\/wp-content\/uploads\/2019\/10\/3Y4P9726-1024x959.jpg\" alt=\"\" class=\"wp-image-406\" srcset=\"https:\/\/miteinander-downsyndrom.de\/wp-content\/uploads\/2019\/10\/3Y4P9726-1024x959.jpg 1024w, https:\/\/miteinander-downsyndrom.de\/wp-content\/uploads\/2019\/10\/3Y4P9726-300x281.jpg 300w, https:\/\/miteinander-downsyndrom.de\/wp-content\/uploads\/2019\/10\/3Y4P9726-768x719.jpg 768w\" sizes=\"(max-width: 1024px) 100vw, 1024px\" \/><\/figure>\n\n\n\n<figure class=\"wp-block-image\"><img decoding=\"async\" loading=\"lazy\" width=\"724\" height=\"1024\" data-id=\"412\"  src=\"https:\/\/miteinander-downsyndrom.de\/wp-content\/uploads\/2019\/10\/image1-1-4-724x1024.jpg\" alt=\"\" class=\"wp-image-412\" srcset=\"https:\/\/miteinander-downsyndrom.de\/wp-content\/uploads\/2019\/10\/image1-1-4-724x1024.jpg 724w, https:\/\/miteinander-downsyndrom.de\/wp-content\/uploads\/2019\/10\/image1-1-4-212x300.jpg 212w, https:\/\/miteinander-downsyndrom.de\/wp-content\/uploads\/2019\/10\/image1-1-4-768x1086.jpg 768w\" sizes=\"(max-width: 724px) 100vw, 724px\" \/><\/figure>\n\n\n\n<figure class=\"wp-block-image\"><img decoding=\"async\" loading=\"lazy\" width=\"683\" height=\"1024\" data-id=\"414\"  src=\"https:\/\/miteinander-downsyndrom.de\/wp-content\/uploads\/2019\/10\/image1-1-683x1024.jpg\" alt=\"\" class=\"wp-image-414\" srcset=\"https:\/\/miteinander-downsyndrom.de\/wp-content\/uploads\/2019\/10\/image1-1-683x1024.jpg 683w, https:\/\/miteinander-downsyndrom.de\/wp-content\/uploads\/2019\/10\/image1-1-200x300.jpg 200w, https:\/\/miteinander-downsyndrom.de\/wp-content\/uploads\/2019\/10\/image1-1-768x1152.jpg 768w, https:\/\/miteinander-downsyndrom.de\/wp-content\/uploads\/2019\/10\/image1-1.jpg 1024w\" sizes=\"(max-width: 683px) 100vw, 683px\" \/><\/figure>\n\n\n\n<figure class=\"wp-block-image\"><img decoding=\"async\" loading=\"lazy\" width=\"1024\" height=\"682\" data-id=\"413\"  src=\"https:\/\/miteinander-downsyndrom.de\/wp-content\/uploads\/2019\/10\/IMG_1901-1-1024x682.jpg\" alt=\"\" class=\"wp-image-413\" srcset=\"https:\/\/miteinander-downsyndrom.de\/wp-content\/uploads\/2019\/10\/IMG_1901-1.jpg 1024w, https:\/\/miteinander-downsyndrom.de\/wp-content\/uploads\/2019\/10\/IMG_1901-1-300x200.jpg 300w, https:\/\/miteinander-downsyndrom.de\/wp-content\/uploads\/2019\/10\/IMG_1901-1-768x512.jpg 768w\" sizes=\"(max-width: 1024px) 100vw, 1024px\" \/><\/figure>\n\n\n\n<figure class=\"wp-block-image\"><img decoding=\"async\" loading=\"lazy\" width=\"1024\" height=\"683\" data-id=\"449\"  src=\"https:\/\/miteinander-downsyndrom.de\/wp-content\/uploads\/2019\/10\/3Y4P9693-1024x683.jpg\" alt=\"\" class=\"wp-image-449\" srcset=\"https:\/\/miteinander-downsyndrom.de\/wp-content\/uploads\/2019\/10\/3Y4P9693-1024x683.jpg 1024w, https:\/\/miteinander-downsyndrom.de\/wp-content\/uploads\/2019\/10\/3Y4P9693-300x200.jpg 300w, https:\/\/miteinander-downsyndrom.de\/wp-content\/uploads\/2019\/10\/3Y4P9693-768x512.jpg 768w\" sizes=\"(max-width: 1024px) 100vw, 1024px\" \/><\/figure>\n\n\n\n<figure class=\"wp-block-image\"><img decoding=\"async\" loading=\"lazy\" width=\"1024\" height=\"528\" data-id=\"739\"  src=\"https:\/\/miteinander-downsyndrom.de\/wp-content\/uploads\/2019\/11\/3Y4P1254-1024x528.jpg\" alt=\"\" class=\"wp-image-739\" srcset=\"https:\/\/miteinander-downsyndrom.de\/wp-content\/uploads\/2019\/11\/3Y4P1254-1024x528.jpg 1024w, https:\/\/miteinander-downsyndrom.de\/wp-content\/uploads\/2019\/11\/3Y4P1254-300x155.jpg 300w, https:\/\/miteinander-downsyndrom.de\/wp-content\/uploads\/2019\/11\/3Y4P1254-768x396.jpg 768w\" sizes=\"(max-width: 1024px) 100vw, 1024px\" \/><\/figure>\n\n\n\n<figure class=\"wp-block-image\"><img decoding=\"async\" loading=\"lazy\" width=\"945\" height=\"1024\" data-id=\"909\"  src=\"https:\/\/miteinander-downsyndrom.de\/wp-content\/uploads\/2020\/04\/PHOTO-2020-04-29-11-11-12-945x1024.jpg\" alt=\"\" class=\"wp-image-909\" srcset=\"https:\/\/miteinander-downsyndrom.de\/wp-content\/uploads\/2020\/04\/PHOTO-2020-04-29-11-11-12.jpg 945w, https:\/\/miteinander-downsyndrom.de\/wp-content\/uploads\/2020\/04\/PHOTO-2020-04-29-11-11-12-277x300.jpg 277w, https:\/\/miteinander-downsyndrom.de\/wp-content\/uploads\/2020\/04\/PHOTO-2020-04-29-11-11-12-768x832.jpg 768w\" sizes=\"(max-width: 945px) 100vw, 945px\" \/><\/figure>\n\n\n\n<figure class=\"wp-block-image\"><img decoding=\"async\" loading=\"lazy\" width=\"1024\" height=\"741\" data-id=\"911\"  src=\"https:\/\/miteinander-downsyndrom.de\/wp-content\/uploads\/2020\/04\/PHOTO-2020-04-29-10-09-40-1024x741.jpg\" alt=\"\" class=\"wp-image-911\" srcset=\"https:\/\/miteinander-downsyndrom.de\/wp-content\/uploads\/2020\/04\/PHOTO-2020-04-29-10-09-40.jpg 1024w, https:\/\/miteinander-downsyndrom.de\/wp-content\/uploads\/2020\/04\/PHOTO-2020-04-29-10-09-40-300x217.jpg 300w, https:\/\/miteinander-downsyndrom.de\/wp-content\/uploads\/2020\/04\/PHOTO-2020-04-29-10-09-40-768x556.jpg 768w\" sizes=\"(max-width: 1024px) 100vw, 1024px\" \/><\/figure>\n\n\n\n<figure class=\"wp-block-image\"><img decoding=\"async\" loading=\"lazy\" width=\"683\" height=\"1024\" data-id=\"912\"  src=\"https:\/\/miteinander-downsyndrom.de\/wp-content\/uploads\/2020\/04\/14-683x1024.jpeg\" alt=\"\" class=\"wp-image-912\" srcset=\"https:\/\/miteinander-downsyndrom.de\/wp-content\/uploads\/2020\/04\/14-683x1024.jpeg 683w, https:\/\/miteinander-downsyndrom.de\/wp-content\/uploads\/2020\/04\/14-200x300.jpeg 200w, https:\/\/miteinander-downsyndrom.de\/wp-content\/uploads\/2020\/04\/14-768x1152.jpeg 768w\" sizes=\"(max-width: 683px) 100vw, 683px\" \/><\/figure>\n<\/figure>\n\n\n\n<p>Fotos auf dieser Seite by Jenny Klestil<\/p>\n","protected":false},"excerpt":{"rendered":"<p>Herzlich Willkommen, auf der Homepage von miteinander \u2013 Menschen mit Down-Syndrom und ihre Freunde e.V.! Wir sind eine Selbsthilfeorganisation von Eltern mit Kindern mit Down-Syndrom, die sich zusammengeschlossen haben, um &hellip;<\/p>\n<p class=\"read-more\"> <a class=\"\" href=\"https:\/\/miteinander-downsyndrom.de\/\"> <span class=\"screen-reader-text\">Startseite<\/span> Weiterlesen &raquo;<\/a><\/p>\n","protected":false},"author":1,"featured_media":0,"parent":0,"menu_order":0,"comment_status":"closed","ping_status":"closed","template":"","meta":[],"_links":{"self":[{"href":"https:\/\/miteinander-downsyndrom.de\/index.php?rest_route=\/wp\/v2\/pages\/2"}],"collection":[{"href":"https:\/\/miteinander-downsyndrom.de\/index.php?rest_route=\/wp\/v2\/pages"}],"about":[{"href":"https:\/\/miteinander-downsyndrom.de\/index.php?rest_route=\/wp\/v2\/types\/page"}],"author":[{"embeddable":true,"href":"https:\/\/miteinander-downsyndrom.de\/index.php?rest_route=\/wp\/v2\/users\/1"}],"replies":[{"embeddable":true,"href":"https:\/\/miteinander-downsyndrom.de\/index.php?rest_route=%2Fwp%2Fv2%2Fcomments&post=2"}],"version-history":[{"count":73,"href":"https:\/\/miteinander-downsyndrom.de\/index.php?rest_route=\/wp\/v2\/pages\/2\/revisions"}],"predecessor-version":[{"id":1280,"href":"https:\/\/miteinander-downsyndrom.de\/index.php?rest_route=\/wp\/v2\/pages\/2\/revisions\/1280"}],"wp:attachment":[{"href":"https:\/\/miteinander-downsyndrom.de\/index.php?rest_route=%2Fwp%2Fv2%2Fmedia&parent=2"}],"curies":[{"name":"wp","href":"https:\/\/api.w.org\/{rel}","templated":true}]}}